4, -3*x = 5*v + 42. Let m(p) = 2*p + 40. Let n be m(x). Suppose 3*q + 36 = 6*q. Calculate the highest common factor of n and q.
12
Suppose 5*g + 220 = -3*w - 2*w, 4*w + 188 = -g. Let p = -39 - w. Calculate the greatest common divisor of p and 9.
9
Let d be (-1)/(2/(-18)*1). Suppose 99 = 2*r + 3*j, -60 = -5*r - 2*j + 171. Suppose -30*w + 31*w = r. Calculate the greatest common divisor of d and w.
9
Suppose 0 = -13*l + 8*l - 5*s + 265, 2*s = -5*l + 250. Let c be (-3)/(-8) + 1902/l. Calculate the highest common divisor of c and 140.
20
Suppose -z + 232 - 71 = -3*q, -5*z = -5*q - 285. Let n be -7 + (-3 - q) + -1*1. Calculate the greatest common factor of 328 and n.
41
Let k = 4 + 77. Let c = -528 - -848. Let p be c/(-6)*k/(-36). Calculate the greatest common divisor of 48 and p.
24
Let o be (270/(-45))/(-1*(5 + -2)). Calculate the highest common divisor of o and 74.
2
Let x be (1 + -4)*482/(-6)*14. What is the greatest common factor of 14 and x?
14
Let j(p) = 8*p**2 - 9*p + 3. Let x be j(-2). Let z = x - -11. What is the highest common divisor of z and 16?
16
Suppose -177 = -2*f + 23*b - 20*b, 0 = -b - 3. What is the greatest common factor of 48 and f?
12
Let s(g) = 26*g - 526. Let k be s(35). Calculate the greatest common factor of 60 and k.
12
Let l be ((-2)/1)/((-12)/54). Let r = 47 - 41. Calculate the greatest common factor of l and r.
3
Let p be 16/(((-16)/52)/4). Let b be -7 + 2 + 2 - p. Let n = b + -142. What is the highest common factor of n and 7?
7
Let t = -279 + 289. What is the greatest common factor of 10 and t?
10
Let b = 20 - 48. Let u = b + 25. Let m = u + 15. What is the highest common factor of 132 and m?
12
Suppose 4*s + 126 = 3*j - j, -274 = -4*j - 3*s. Let c be 12/48 - 250/8. Let v = j + c. What is the greatest common divisor of v and 12?
12
Suppose 0 = -13*b + b + 2784. Calculate the greatest common divisor of 290 and b.
58
Let o be -1*3/(-9)*0. Let q be o + 3 + 16/16. Let j be 4/(5/90*q). Calculate the highest common factor of 36 and j.
18
Let q(i) = -i**2 + 16*i + 56. Let y be q(18). What is the highest common divisor of y and 60?
20
Let h = 181 + -79. What is the highest common factor of 136 and h?
34
Let i be (-12)/(-8) - (-15)/6. Suppose -b = -i*b + 18. Suppose 0 = -b*p + 3*p + 36. What is the highest common factor of p and 24?
12
Let z(l) = l. Let a be z(5). Suppose 5*o - 138 = -a*d + 112, 0 = -4*d - 2*o + 196. Let c = 28 + 4. What is the greatest common factor of d and c?
16
Let w be (-9)/3 - (-22 - 281). Calculate the greatest common divisor of w and 60.
60
Let b = -42 + 53. Suppose b*g - 9*g - 2 = 0. What is the highest common factor of g and 11?
1
Suppose 4*g + 3*y = 330 - 103, 5*y - 173 = -3*g. Calculate the greatest common divisor of g and 196.
28
Suppose 0 = 6*p - 5*p + 3, -4*u - p = -8497. What is the greatest common divisor of u and 17?
17
Suppose 5*s - 7 = -2. Let o be (s + 0)/(12/3552). What is the highest common factor of 37 and o?
37
Let i be (10/20)/((-2)/(-1268)). Let a = -205 + i. Suppose -5*o + 166 = 2*v, -v - 2*o + a = 28. What is the highest common divisor of 11 and v?
11
Let x be (-4)/(-6) + 2168/24. Let v be (27 - 1)*(x/14 - 1). Calculate the greatest common divisor of v and 13.
13
Let f = 160 + -124. Calculate the highest common divisor of 300 and f.
12
Let a be (-5 - -6)*0/((-1)/(-1)). Let d(l) = -7*l + 13. Let o be d(a). Suppose -2*p = 3*p - 325. What is the greatest common factor of p and o?
13
Let r(w) be the first derivative of -w**4/4 - 16*w**3/3 + 5*w**2 - 32*w - 10. Let s be r(-17). Calculate the highest common factor of s and 29.
29
Suppose -x = -2*p - 1 + 3, 0 = 5*p - 5*x + 5. Suppose -p*k = 11 - 443. Calculate the highest common divisor of k and 16.
16
Let q be (-1 - 10) + (-1)/1. Let l be 89/89*(19 - (-1 - -1)). Let c = l + q. What is the highest common factor of 7 and c?
7
Suppose 0 = -4*m - 4*u + 72, m = -23*u + 25*u + 6. What is the highest common factor of 294 and m?
14
Let u = 44 - 38. What is the highest common divisor of u and 75?
3
Let v(c) = c**3 + 16*c**2 + 34*c + 41. Let r be v(-10). What is the highest common factor of r and 129?
43
Let v(g) = -7*g - 4. Let j be v(-1). Suppose 0 = -j*b - 2*r + 35 - 5, 4*b - 40 = -3*r. Calculate the greatest common divisor of 10 and b.
10
Let x = 631 - 488. Calculate the greatest common divisor of 77 and x.
11
Let s(b) = 4*b - 6. Let v be s(2). Suppose v*q - 5*i - 50 = -4, 4*i = -8. Calculate the highest common divisor of q and 18.
18
Let g = -99 + 112. Let u = -6 + g. Calculate the highest common factor of 63 and u.
7
Suppose -900 = 3*k - 23*k. Calculate the greatest common factor of 495 and k.
45
Suppose 4*m = 17 + 35. Suppose -m*y + 98 = -162. Calculate the highest common divisor of y and 100.
20
Let o = -17 + 19. Suppose -4*q - 4*y + 28 = -3*q, -o*y - 2 = 0. Suppose -4*r = -5*v - 1177, v + 258 + 35 = r. What is the highest common divisor of r and q?
32
Suppose -x = 3*l - 181, -3*x + 2*l = -2*x - 206. What is the greatest common divisor of x and 49?
49
Let a be (-3*392/(-63))/((-6)/(-9)). Calculate the greatest common divisor of a and 28.
28
Suppose 0 = 5*b + 4*z - 12 + 8, -2*b + 12 = -z. What is the greatest common factor of 12 and b?
4
Let s = 17 + 0. Let m(k) = -5*k + 175. Let i be m(18). Calculate the greatest common divisor of s and i.
17
Suppose -60 = -126*x - 45 + 111. Suppose 3*d + 2*d - 10 = 0. What is the greatest common factor of d and x?
1
Let m be (20/30)/((-16)/(-408)). What is the greatest common divisor of 527 and m?
17
Suppose 3*y - 3343 = -2*i - 834, -3*y + 8789 = 7*i. What is the highest common factor of i and 16?
8
Suppose 0*j - 728 = -56*j. Calculate the greatest common factor of j and 767.
13
Let t = -299 - -343. What is the greatest common divisor of 4 and t?
4
Let v = -322 + 403. What is the greatest common factor of 135 and v?
27
Suppose -3*b - 2*b = 3*l - 285, 5*l = 0. Calculate the highest common divisor of b and 285.
57
Suppose 5*x + 3*v = x + 1188, 5*v = 0. Let s(a) = -a**3 + 3*a**2 + 2*a + 3. Let z be s(3). Let i = z - -18. Calculate the greatest common factor of x and i.
27
Let n = -11975 - -12006. Suppose 191 - 625 = -2*u. Calculate the highest common factor of n and u.
31
Let j(y) = y**3 + 9*y**2 + 8*y - 5. Let t be j(-6). Suppose 0 = 5*r - 52 + 17. Let o = r + 4. Calculate the highest common factor of o and t.
11
Let d(p) = 4*p**2 + p. Let k be d(-2). Let z be (-9)/(-72)*24 + -1. Calculate the greatest common factor of k and z.
2
Let k = -7 + 13. Let m be ((-5)/(-1) + -1)/(6/9). What is the greatest common divisor of k and m?
6
Suppose -6*r = -39 - 177. Suppose -5*h - q + 71 = -3*q, 2*h - r = -3*q. What is the highest common divisor of 75 and h?
15
Let f be 14/(-1) + -3 + 3. Let y = f - -17. Suppose y*k + 55 = 4*k. What is the highest common divisor of 22 and k?
11
Let m be 244/30 + 6 + (-552)/90. Suppose 12 = -m*k + 7*k + 5*t, -2*t = k - 16. Calculate the greatest common factor of k and 88.
8
Suppose 2*b - 42 = 4*f, 103*b - 101*b - 39 = 3*f. Suppose -4*l + 0*l = -24. What is the highest common divisor of b and l?
3
Suppose 11 = -b + 5*s, -4*b = 4*s + s - 6. Let q be 16*(b - (-10)/5). Suppose 0 = -q*v + 14*v + 14. Calculate the greatest common divisor of 56 and v.
7
Suppose 0 = 11*n - 12*n - z + 933, -3*z + 929 = n. Calculate the greatest common divisor of n and 110.
55
Suppose -q = -3*b + 35, 3*b - 2*b + 2*q = 0. Let f be 8/(-20) + (-6)/b. Let t(n) = -169*n + 1. Let r be t(f). Calculate the greatest common factor of 17 and r.
17
Suppose 1303 - 15 = 46*w. Suppose 0 = c - 8 + 1. What is the greatest common factor of c and w?
7
Let y(t) = 43*t**2 + 2*t + 4. Let g be y(2). What is the greatest common factor of 60 and g?
60
Let j be 0/((-132)/(-11)) - -21. Calculate the highest common factor of j and 567.
21
Let s be 24*1 + 0 + 1. Let w(t) = t**3 - 16*t**2 + 15*t - 12. Let z be w(15). Let k be (-10)/(-60) + (-118)/z. Calculate the highest common divisor of s and k.
5
Let w be 2/8 + 245/(-4). Let u(p) = -p**2 - 14*p - 11. Let l be u(6). Let i = w - l. Calculate the highest common factor of i and 28.
14
Let h(m) = -13*m + 90. Let d be h(3). What is the highest common factor of 867 and d?
51
Let z be (-40)/(1*(-2)/4). Suppose r - 41 = -2*f, 2*r + 518 = 3*f + 460. Calculate the highest common factor of z and 